{"id":755,"date":"2020-08-04T12:04:30","date_gmt":"2020-08-04T10:04:30","guid":{"rendered":"http:\/\/test.rops-opole.pl\/?page_id=755"},"modified":"2023-09-08T13:50:26","modified_gmt":"2023-09-08T11:50:26","slug":"kolorowa-jesien-zycia","status":"publish","type":"page","link":"https:\/\/rops-opole.pl\/?page_id=755","title":{"rendered":"Kolorowa jesie\u0144 \u017cycia"},"content":{"rendered":"\n<p>Zrealizowane dzia\u0142ania:<\/p>\n\n\n\n<ol class=\"wp-block-list\">\n<li>Wojew\u00f3dzka impreza integracyjna dla os\u00f3b starszych<\/li>\n\n\n\n<li>Konferencja nt. obchod\u00f3w Europejskiego Roku Walki z Ub\u00f3stwem i Wykluczeniem Spo\u0142ecznym<\/li>\n\n\n\n<li>Koncert z okazji Mi\u0119dzynarodowego Dnia Walki z Ub\u00f3stwem i Wykluczeniem Spo\u0142ecznym<\/li>\n\n\n\n<li>Konferencja podsumowuj\u0105ca obchody Europejskiego Roku Walki z Ub\u00f3stwem i Wykluczeniem Spo\u0142ecznym<\/li>\n<\/ol>\n\n\n\n<p><strong>KAMPANIA SPO\u0141ECZNA NA RZECZ WALKI Z UB\u00d3STWEM I WYKLUCZENIEM SPO\u0141ECZNYM OS\u00d3B STARSZYCH ZREALIZOWANA DZI\u0118KI FINANSOWANIU UNII EUROPEJSKIEJ ORAZ MINISTERSTWA PRACY I POLITYKI SPO\u0141ECZNEJ.<\/strong><\/p>\n\n\n\n<p>Ponadto dzia\u0142aniem komplementarnym w realizacji niniejszego projektu by\u0142o przeprowadzenie szkole\u0144 dla kadry pomocy i integracji spo\u0142ecznej z terenu wojew\u00f3dztwa opolskiego z zakresu przeciwdzia\u0142ania ub\u00f3stwu i wykluczeniu spo\u0142ecznemu os\u00f3b starszych. Szkolenie zosta\u0142o w ca\u0142o\u015bci sfinansowane ze \u015brodk\u00f3w Programu Operacyjnego Kapita\u0142 Ludzki 2007 \u2013 2013 w ramach projektu systemowego ROPS w Opolu.<\/p>\n\n","protected":false},"excerpt":{"rendered":null,"protected":false},"author":1,"featured_media":0,"parent":0,"menu_order":0,"comment_status":"closed","ping_status":"closed","template":"","meta":{"footnotes":""},"categories":[13,15],"tags":[],"class_list":["post-755","page","type-page","status-publish","hentry","category-projekty","category-zrealizowane"],"_links":{"self":[{"href":"https:\/\/rops-opole.pl\/index.php?rest_route=\/wp\/v2\/pages\/755","targetHints":{"allow":["GET"]}}],"collection":[{"href":"https:\/\/rops-opole.pl\/index.php?rest_route=\/wp\/v2\/pages"}],"about":[{"href":"https:\/\/rops-opole.pl\/index.php?rest_route=\/wp\/v2\/types\/page"}],"author":[{"embeddable":true,"href":"https:\/\/rops-opole.pl\/index.php?rest_route=\/wp\/v2\/users\/1"}],"replies":[{"embeddable":true,"href":"https:\/\/rops-opole.pl\/index.php?rest_route=%2Fwp%2Fv2%2Fcomments&post=755"}],"version-history":[{"count":6,"href":"https:\/\/rops-opole.pl\/index.php?rest_route=\/wp\/v2\/pages\/755\/revisions"}],"predecessor-version":[{"id":3359,"href":"https:\/\/rops-opole.pl\/index.php?rest_route=\/wp\/v2\/pages\/755\/revisions\/3359"}],"wp:attachment":[{"href":"https:\/\/rops-opole.pl\/index.php?rest_route=%2Fwp%2Fv2%2Fmedia&parent=755"}],"wp:term":[{"taxonomy":"category","embeddable":true,"href":"https:\/\/rops-opole.pl\/index.php?rest_route=%2Fwp%2Fv2%2Fcategories&post=755"},{"taxonomy":"post_tag","embeddable":true,"href":"https:\/\/rops-opole.pl\/index.php?rest_route=%2Fwp%2Fv2%2Ftags&post=755"}],"curies":[{"name":"wp","href":"https:\/\/api.w.org\/{rel}","templated":true}]}}

Kolorowa jesień życia

<p>Zrealizowane działania:</p>



<ol class="wp-block-list">
<li>Wojewódzka impreza integracyjna dla osób starszych</li>



<li>Konferencja nt. obchodów Europejskiego Roku Walki z Ubóstwem i Wykluczeniem Społecznym</li>



<li>Koncert z okazji Międzynarodowego Dnia Walki z Ubóstwem i Wykluczeniem Społecznym</li>



<li>Konferencja podsumowująca obchody Europejskiego Roku Walki z Ubóstwem i Wykluczeniem Społecznym</li>
</ol>



<p><strong>KAMPANIA SPOŁECZNA NA RZECZ WALKI Z UBÓSTWEM I WYKLUCZENIEM SPOŁECZNYM OSÓB STARSZYCH ZREALIZOWANA DZIĘKI FINANSOWANIU UNII EUROPEJSKIEJ ORAZ MINISTERSTWA PRACY I POLITYKI SPOŁECZNEJ.</strong></p>



<p>Ponadto działaniem komplementarnym w realizacji niniejszego projektu było przeprowadzenie szkoleń dla kadry pomocy i integracji społecznej z terenu województwa opolskiego z zakresu przeciwdziałania ubóstwu i wykluczeniu społecznemu osób starszych. Szkolenie zostało w całości sfinansowane ze środków Programu Operacyjnego Kapitał Ludzki 2007 – 2013 w ramach projektu systemowego ROPS w Opolu.</p>
