{"id":6266,"date":"2026-04-29T10:26:47","date_gmt":"2026-04-29T08:26:47","guid":{"rendered":"https:\/\/rops-opole.pl\/?page_id=6266"},"modified":"2026-04-29T10:39:27","modified_gmt":"2026-04-29T08:39:27","slug":"nie-sami-dzielni-rozwoj-uslug-spolecznych-oraz-wspierajacych-osoby-niesamodzielne-iv-edycja","status":"publish","type":"page","link":"https:\/\/rops-opole.pl\/?page_id=6266","title":{"rendered":"Nie-Sami-Dzielni \u2013 rozw\u00f3j us\u0142ug spo\u0142ecznych oraz wspieraj\u0105cych osoby niesamodzielne \u2013 IV edycja"},"content":{"rendered":"\n<figure class=\"wp-block-gallery has-nested-images columns-default is-cropped wp-block-gallery-1 is-layout-flex wp-block-gallery-is-layout-flex\">\n<figure class=\"wp-block-image size-large\"><img fetchpriority=\"high\" decoding=\"async\" width=\"945\" height=\"97\" data-id=\"5793\" src=\"https:\/\/rops-opole.pl\/wp-content\/uploads\/2026\/01\/obraz.png\" alt=\"Logotypy: Fundusze Europejskie dla Opolskiego, Flaga RP, Dofinansowane przez Uni\u0119 Europejsk\u0105, Opolskie\" class=\"wp-image-5793\" srcset=\"https:\/\/rops-opole.pl\/wp-content\/uploads\/2026\/01\/obraz.png 945w, https:\/\/rops-opole.pl\/wp-content\/uploads\/2026\/01\/obraz-890x91.png 890w, https:\/\/rops-opole.pl\/wp-content\/uploads\/2026\/01\/obraz-268x28.png 268w\" sizes=\"(max-width: 945px) 100vw, 945px\"><\/figure>\n<\/figure>\n\n\n\n<p>Projekt wsp\u00f3\u0142finansowany ze \u015brodk\u00f3w Europejskiego Funduszu Spo\u0142ecznego Plus w ramach Funduszy Europejskich dla Opolskiego na lata 2021-2027, O\u015b priorytetowa VII \u2013 Fundusze Europejskie, wspieraj\u0105ce us\u0142ugi spo\u0142eczne i zdrowotne w opolskim, Dzia\u0142anie 07.01 \u2013 Us\u0142ugi zdrowotne i spo\u0142eczne oraz opieka d\u0142ugoterminowa.<\/p>\n\n\n\n<p>Projekt zak\u0142ada rozw\u00f3j us\u0142ug \u015brodowiskowych, takich jak us\u0142ugi opieku\u0144cze, us\u0142ugi asystenckie, us\u0142ugi s\u0105siedzkie, us\u0142ugi Marsza\u0142kowskiego Kuriera Spo\u0142ecznego oraz Dzienne Domy Pobytu, us\u0142ugi dowozu \u201edoor to door\u201d (jako element projektu) oraz wsparcie wytchnieniowe dla opiekun\u00f3w faktycznych.<br>W ramach dzia\u0142a\u0144 zaplanowano r\u00f3wnie\u017c podnoszenie kwalifikacji i kompetencji kadr na potrzeby \u015bwiadczenia us\u0142ug spo\u0142ecznych w spo\u0142eczno\u015bci lokalnej w tym w szczeg\u00f3lno\u015bci dla pracownik\u00f3w opieki d\u0142ugoterminowej. Kolejnym dzia\u0142aniem jest poprawa dost\u0119pu do mieszka\u0144 o charakterze wspomaganym dla os\u00f3b potrzebuj\u0105cych wsparcia w codziennym funkcjonowaniu oraz rozw\u00f3j mieszka\u0144 wspomaganych. Projekt wpisuje si\u0119 w cele FEO 2021\u20132027 i EFS+, wspieraj\u0105c proces deinstytucjonalizacji, przeciwdzia\u0142aj\u0105c marginalizacji i wykluczeniu spo\u0142ecznemu oraz odpowiadaj\u0105c na dynamiczne zmiany demograficzne w regionie.<\/p>\n\n\n\n<p>Lider \u2013 <strong>Wojew\u00f3dztwo Opolskie \u2013 Regionalny O\u015brodek Polityki Spo\u0142ecznej<\/strong><\/p>\n\n\n\n<p>Partnerzy:<\/p>\n\n\n\n<ol class=\"wp-block-list\">\n<li>Gmina Bia\u0142a \u2013 realizator OPS w Bia\u0142ej \u2013 Us\u0142uga \u201ez\u0142otej r\u0105czki\u201d dla os\u00f3b niesamodzielnych w Gminie Bia\u0142a, Rozw\u00f3j mieszkalnictwa wspomaganego w Gminie Bia\u0142a.<\/li>\n\n\n\n<li>Gmina Bierawa \u2013 realizator GOPS w Bierawie \u2013 Rozw\u00f3j us\u0142ug opieku\u0144czych w Gminie Bierawa, Rozw\u00f3j us\u0142ug asystenckich w Gminie Bierawa.<\/li>\n\n\n\n<li>Gmina Branice \u2013 realizator OPS Branice<\/li>\n\n\n\n<li>Gmina D\u0105browa \u2013 realizator OPS<\/li>\n\n\n\n<li>Gmina Dobrodzie\u0144 \u2013 realizator MGOPS w Dobrodzieniu<\/li>\n\n\n\n<li>Gmina Paczk\u00f3w \u2013 realizator OPS w Paczkowie<\/li>\n\n\n\n<li>Gmina Pakos\u0142awice \u2013 realizator GOPS w Pakos\u0142awicach<\/li>\n\n\n\n<li>Gmina Popiel\u00f3w \u2013 realizator GOPS w Popielowie<\/li>\n\n\n\n<li>Gmina G\u0142ubczyce \u2013 realizatorzy DDP w G\u0142ubczycach, \u015aDS w G\u0142ubczycach<\/li>\n\n\n\n<li>Gmina Gogolin \u2013 realizator CUS w Gogolinie<\/li>\n\n\n\n<li>Gmina Gorz\u00f3w \u015al\u0105ski \u2013 realizator MGOPS w Gorzowie \u015al\u0105skim<\/li>\n\n\n\n<li>Gmina \u0141ubniany \u2013 realizator GOPS w \u0141ubnianach<\/li>\n\n\n\n<li>Powiat Nyski \u2013 realizator PCPR w Nysie<\/li>\n\n\n\n<li>Gmina Re\u0144ska Wie\u015b \u2013 realizator GOPS Re\u0144ska Wie\u015b<\/li>\n\n\n\n<li>Gmina Rudniki \u2013 realizator Gmina Rudniki<\/li>\n\n\n\n<li>Gmina Turawa \u2013 realizatorzy GOPS w Turawie i Gmina Turawa<\/li>\n\n\n\n<li>Gmina Walce \u2013 realizator OPS w Walcach<\/li>\n\n\n\n<li>Powiat Oleski \u2013 realizatorzy DPS w Radawiu, Powiat Oleski<\/li>\n\n\n\n<li>Gmina Nysa \u2013 realizator OPS w Nysie<\/li>\n\n\n\n<li>Miasto Opole \u2013 realizator MOPR w Opolu<\/li>\n\n\n\n<li>Gmina Strzelce Opolskie \u2013 realizator OPS w Strzelcach Opolskich<\/li>\n\n\n\n<li>Powiat Opolski \u2013 realizator DPS w Pr\u00f3szkowie<\/li>\n\n\n\n<li>Gmina G\u0142og\u00f3wek \u2013 OPS w G\u0142og\u00f3wku<\/li>\n\n\n\n<li>Powiat Krapkowicki \u2013 realizatorzy PCPR w Krapkowicach, COM w Krapkowicach<\/li>\n\n\n\n<li>Gmina Krapkowice \u2013 realizator \u015aDS w Krapkowicach<\/li>\n\n\n\n<li>Gmina G\u0142ucho\u0142azy \u2013 realizator Gmina G\u0142ucho\u0142azy<\/li>\n\n\n\n<li>Gmina Olesno \u2013 Realizator OPS w Ole\u015bnie<\/li>\n\n\n\n<li>Gmina Prudnik \u2013 realizator OPS w Prudniku, Gmina Prudnik<\/li>\n\n\n\n<li>Gmina Ujazd \u2013 realizator OPS w Uje\u017adzie<\/li>\n\n\n\n<li>Gmina Tu\u0142owice \u2013 realizator OPS w Tu\u0142owicach<\/li>\n\n\n\n<li>Powiat Prudnicki \u2013 realizatorzy DPS w Prudniku, PCPR w Prudniku, Powiat Prudnicki<\/li>\n\n\n\n<li>Gmina Tarn\u00f3w Opolski \u2013 realizator GOPS w Tarnowie Opolskim<\/li>\n\n\n\n<li>Gmina Dobrze\u0144 Wielki \u2013 realizatorzy GOPS w Dobrzeniu Wielkim, Gmina Dobrze\u0144 Wielki<\/li>\n\n\n\n<li>Towarzystwo Spo\u0142eczno \u2013 Kulturalne Niemc\u00f3w na \u015al\u0105sku Opolskim<\/li>\n\n\n\n<li>Towarzystwo Dobroczynne na \u015al\u0105sku<\/li>\n\n\n\n<li>Fundacja \u201eDOM\u201d w Opolu<\/li>\n\n\n\n<li>Bank \u017bywno\u015bci w Opolu<\/li>\n\n\n\n<li>Fundacja XXI w. Opole<\/li>\n\n\n\n<li>Fundacja Rozwoju PROspo\u0142ecznego \u201eLudzkie Sprawy\u201d Kluczbork<\/li>\n\n\n\n<li>\u201ePiastun\u201d Fundacja na rzecz dzieci i m\u0142odzie\u017cy Opole<\/li>\n\n\n\n<li>Fundacja \u201eOdkrywcy\u201d Nysa<\/li>\n\n\n\n<li>Fundacja Rozwoju Demokracji Lokalnej \u2013 realizator Opolskie Centrum Demokracji Lokalnej<br>\u00a0w Opolu<\/li>\n\n\n\n<li>Towarzystwo Sportowe Gwardia Opole<\/li>\n\n\n\n<li>Wojew\u00f3dzkie Zrzeszenie Ludowe Zespo\u0142y Sportowe w Opolu<\/li>\n\n\n\n<li>Fundacja \u201eR\u00f3\u017cnosprawni\u201d K\u0119dzierzyn Ko\u017ale<\/li>\n<\/ol>\n\n\n\n<p>Planowane typy przedsi\u0119wzi\u0119\u0107 (rodzaje dzia\u0142a\u0144):<\/p>\n\n\n\n<ul class=\"wp-block-list\">\n<li>Us\u0142ugi opieku\u0144cze, w tym pomoc \u015bwiadczona przez opiekun\u00f3w faktycznych lub\u00a0w postaci: s\u0105siedzkich us\u0142ug opieku\u0144czych, us\u0142ug opieku\u0144czych. i specjalistycznych us\u0142ug opieku\u0144czych lub dzienne formy us\u0142ug opieku\u0144czych.<\/li>\n\n\n\n<li>Rozw\u00f3j us\u0142ug spo\u0142ecznych \u015bwiadczonych w spo\u0142eczno\u015bci lokalnej ze szczeg\u00f3lnym uwzgl\u0119dnieniem wystandaryzowanych us\u0142ug opieku\u0144czych, o\u015brodk\u00f3w wsparcia dziennego.<\/li>\n\n\n\n<li>Pomoc dla opiekun\u00f3w faktycznych os\u00f3b starszych, OzN i potrzebuj\u0105cych wsparcia\u00a0w codziennym funkcjonowaniu, w tym doradztwo, us\u0142ugi opieku\u0144cze., adaptacja lokalu, wsparcie wytchnieniowe i psychologiczne.<\/li>\n\n\n\n<li>Rozw\u00f3j us\u0142ug opieku\u0144czych w formach \u015brodowiskowych, dziennych, w tym w o\u015brodkach wsparcia.<\/li>\n\n\n\n<li>Rozw\u00f3j us\u0142ug asystencji osobistej wspieraj\u0105cych aktywno\u015b\u0107 spo\u0142eczn\u0105, edukacyjn\u0105\u00a0i zawodow\u0105 OzN.<\/li>\n\n\n\n<li>Rozw\u00f3j mieszkalnictwa wspomaganego z koszykiem us\u0142ug spo\u0142ecznych (remont, adaptacja, zakupu wyposa\u017cenia i us\u0142ug wspieraj\u0105cych).<\/li>\n\n\n\n<li>Upowszechnianie transportu indywidualnego (door-to-door) dla os\u00f3b o ograniczonej mobilno\u015bci (jako element projektu)<\/li>\n\n\n\n<li>Wsparcie procesu deinstytucjonalizacji plac\u00f3wek ca\u0142odobowych, poprzez dzia\u0142ania poza dotychczasowymi zadaniami (w tym formy wsparcia dziennego i \u015brodowiskowego oraz stacjonarnej opieki kr\u00f3tkoterminowej- wsparcie wytchnieniowe, mieszkania wspomagane, zwi\u0119kszenie kompetencji pracownik\u00f3w w realizacji dzia\u0142a\u0144 poza plac\u00f3wkami).<\/li>\n\n\n\n<li>Dzia\u0142ania zapobiegaj\u0105ce umieszczaniu os\u00f3b w plac\u00f3wkach ca\u0142odobowych\u00a0z wykorzystaniem mieszka\u0144 wspomaganych, us\u0142ug opieku\u0144czych i specjalistycznych, asystentury osobistej.<\/li>\n\n\n\n<li>Szkolenia podnosz\u0105ce kwalifikacje i kompetencje kadr na potrzeby \u015bwiadczenia us\u0142ug\u00a0w spo\u0142eczno\u015bci lokalnej, w tym w szczeg\u00f3lno\u015bci dla pracownik\u00f3w opieki d\u0142ugoterminowej.<\/li>\n\n\n\n<li>Wsparcie psychologiczne i wytchnieniowe dla opiekun\u00f3w faktycznych.<\/li>\n<\/ul>\n\n\n\n<p>Grupa docelowa:<\/p>\n\n\n\n<p>Projekt skierowany jest do os\u00f3b fizycznych mieszkaj\u0105cych w rozumieniu Kodeksu Cywilnego i\/lub pracuj\u0105cych i\/lub ucz\u0105cych si\u0119 na terenie wojew\u00f3dztwa opolskiego, a tak\u017ce do podmiot\u00f3w posiadaj\u0105cych siedzib\u0119 lub oddzia\u0142 na terenie wojew\u00f3dztwa opolskiego.<\/p>\n\n\n\n<p>Zgodnie ze Szczeg\u00f3\u0142owym Opisem Priorytet\u00f3w Programu Fundusze Europejskie dla Opolskiego 2021\u20132027, wsparciem obj\u0119te zostan\u0105 nast\u0119puj\u0105ce grupy:<\/p>\n\n\n\n<ul class=\"wp-block-list\">\n<li>Osoby potrzebuj\u0105ce wsparcia w codziennym funkcjonowaniu (w tym z powodu wieku, stanu zdrowia, niepe\u0142nosprawno\u015bci) i ich otoczenie,<\/li>\n\n\n\n<li>Osoby z niepe\u0142nosprawno\u015bciami (OzN) i ich otoczenie,<\/li>\n\n\n\n<li>Osoby o ograniczonej mobilno\u015bci,<\/li>\n\n\n\n<li>Opiekunowie sprawuj\u0105cy opiek\u0119 nad osobami starszymi, z niepe\u0142nosprawno\u015bciami\u00a0i potrzebuj\u0105cymi wsparcia w codziennym funkcjonowaniu,<\/li>\n\n\n\n<li>Kadra pomocy i integracji spo\u0142ecznej, \u015bwiadcz\u0105ca us\u0142ugi na rzecz os\u00f3b starszych,<br>z niepe\u0142nosprawno\u015bciami oraz potrzebuj\u0105cych wsparcia w codziennym funkcjonowaniu,<\/li>\n\n\n\n<li>Kadry realizuj\u0105ce us\u0142ugi spo\u0142eczne, w tym us\u0142ugi opieki d\u0142ugoterminowej,<\/li>\n\n\n\n<li>Osoby zagro\u017cone ub\u00f3stwem i wykluczeniem spo\u0142ecznym, otoczenie os\u00f3b zagro\u017conych ub\u00f3stwem lub wykluczeniem spo\u0142ecznym,<\/li>\n\n\n\n<li>Mieszka\u0144cy gmin zmarginalizowanych i trac\u0105cych funkcje spo\u0142eczno \u2013 gospodarcze,<\/li>\n\n\n\n<li>Organizacje spo\u0142ecze\u0144stwa obywatelskiego.<\/li>\n<\/ul>\n\n\n\n<p>Wska\u017aniki projektu:<\/p>\n\n\n\n<ul class=\"wp-block-list\">\n<li>Liczba obiekt\u00f3w dostosowanych do potrzeb os\u00f3b z niepe\u0142nosprawno\u015bciami \u2013 21<\/li>\n\n\n\n<li>Liczba os\u00f3b z niepe\u0142nosprawno\u015bciami obj\u0119tych wsparciem w programie \u2013 174<\/li>\n\n\n\n<li>Liczba obj\u0119tych wsparciem podmiot\u00f3w administracji publicznej lub s\u0142u\u017cb publicznych na szczeblu krajowym, regionalnym lub lokalnym \u2013 34<\/li>\n\n\n\n<li>Liczba os\u00f3b obj\u0119tych us\u0142ugami \u015bwiadczonymi w spo\u0142eczno\u015bci lokalnej w programie \u2013 352<\/li>\n\n\n\n<li>Liczba opiekun\u00f3w faktycznych\/nieformalnych obj\u0119tych wsparciem w programie \u2013 159<\/li>\n\n\n\n<li>Liczba podmiot\u00f3w, kt\u00f3re rozszerzy\u0142y ofert\u0119 wsparcia lub podnios\u0142y jako\u015b\u0107 oferowanych us\u0142ug \u2013 47<\/li>\n\n\n\n<li>Liczba utworzonych miejsc \u015bwiadczenia us\u0142ug w spo\u0142eczno\u015bci lokalnej \u2013 57<\/li>\n<\/ul>\n\n\n\n<p>Warto\u015b\u0107 projektu (ca\u0142kowity koszt projektu): <strong>52\u00a0941\u00a0176,48 z\u0142<\/strong><\/p>\n\n\n\n<p>Wysoko\u015b\u0107 wk\u0142adu Funduszy Europejskich: <strong>45\u00a0000\u00a0000,00 z\u0142<\/strong><\/p>\n\n\n\n<p><strong>#FunduszeUE<\/strong><\/p>\n\n\n\n<p><strong>#FunduszeEuropejskie<\/strong><\/p>\n\n","protected":false},"excerpt":{"rendered":null,"protected":false},"author":1,"featured_media":0,"parent":0,"menu_order":0,"comment_status":"closed","ping_status":"closed","template":"","meta":{"footnotes":""},"categories":[],"tags":[],"class_list":["post-6266","page","type-page","status-publish","hentry"],"_links":{"self":[{"href":"https:\/\/rops-opole.pl\/index.php?rest_route=\/wp\/v2\/pages\/6266","targetHints":{"allow":["GET"]}}],"collection":[{"href":"https:\/\/rops-opole.pl\/index.php?rest_route=\/wp\/v2\/pages"}],"about":[{"href":"https:\/\/rops-opole.pl\/index.php?rest_route=\/wp\/v2\/types\/page"}],"author":[{"embeddable":true,"href":"https:\/\/rops-opole.pl\/index.php?rest_route=\/wp\/v2\/users\/1"}],"replies":[{"embeddable":true,"href":"https:\/\/rops-opole.pl\/index.php?rest_route=%2Fwp%2Fv2%2Fcomments&post=6266"}],"version-history":[{"count":7,"href":"https:\/\/rops-opole.pl\/index.php?rest_route=\/wp\/v2\/pages\/6266\/revisions"}],"predecessor-version":[{"id":6274,"href":"https:\/\/rops-opole.pl\/index.php?rest_route=\/wp\/v2\/pages\/6266\/revisions\/6274"}],"wp:attachment":[{"href":"https:\/\/rops-opole.pl\/index.php?rest_route=%2Fwp%2Fv2%2Fmedia&parent=6266"}],"wp:term":[{"taxonomy":"category","embeddable":true,"href":"https:\/\/rops-opole.pl\/index.php?rest_route=%2Fwp%2Fv2%2Fcategories&post=6266"},{"taxonomy":"post_tag","embeddable":true,"href":"https:\/\/rops-opole.pl\/index.php?rest_route=%2Fwp%2Fv2%2Ftags&post=6266"}],"curies":[{"name":"wp","href":"https:\/\/api.w.org\/{rel}","templated":true}]}}